he millions digit of 389674814?
9
What is the hundred thousands digit of 16811464?
8
What is the ten millions digit of 295979089?
9
What is the ten millions digit of 2602160801?
0
What is the hundred thousands digit of 171863567?
8
What is the ten millions digit of 32740240?
3
What is the ten millions digit of 512648565?
1
What is the millions digit of 34576132?
4
What is the hundred millions digit of 409352980?
4
What is the thousands digit of 1087686673?
6
What is the hundred thousands digit of 37139115?
1
What is the hundreds digit of 1038743357?
3
What is the thousands digit of 1173555029?
5
What is the ten thousands digit of 149127105?
2
What is the ten millions digit of 380003804?
8
What is the ten millions digit of 446460434?
4
What is the ten millions digit of 82788800?
8
What is the hundreds digit of 179943565?
5
What is the hundred thousands digit of 55684795?
6
What is the billions digit of 1145675660?
1
What is the hundred millions digit of 1335903931?
3
What is the millions digit of 1647641568?
7
What is the hundred millions digit of 679873380?
6
What is the millions digit of 83489327?
3
What is the hundreds digit of 52417626?
6
What is the thousands digit of 45029730?
9
What is the millions digit of 918949003?
8
What is the tens digit of 26844241?
4
What is the hundred thousands digit of 41972805?
9
What is the ten thousands digit of 6088927?
8
What is the billions digit of 2721693433?
2
What is the tens digit of 1321625415?
1
What is the billions digit of 1573635918?
1
What is the hundreds digit of 13318867?
8
What is the hundred millions digit of 2290252408?
2
What is the ten thousands digit of 3520764?
2
What is the thousands digit of 141335329?
5
What is the ten thousands digit of 84077175?
7
What is the hundreds digit of 1524146721?
7
What is the thousands digit of 470299286?
9
What is the millions digit of 287312145?
7
What is the hundred millions digit of 1223320457?
2
What is the thousands digit of 87462602?
2
What is the ten millions digit of 169746392?
6
What is the units digit of 1151825042?
2
What is the millions digit of 1749417033?
9
What is the billions digit of 1146230031?
1
What is the ten thousands digit of 65233279?
3
What is the ten thousands digit of 88023599?
2
What is the thousands digit of 1323937258?
7
What is the ten thousands digit of 196523375?
2
What is the ten millions digit of 57725805?
5
What is the units digit of 150443690?
0
What is the thousands digit of 297403115?
3
What is the hundred thousands digit of 1492219702?
2
What is the hundred millions digit of 308153403?
3
What is the hundreds digit of 41740963?
9
What is the hundred millions digit of 217407489?
2
What is the tens digit of 750902661?
6
What is the hundred thousands digit of 53796621?
7
What is the tens digit of 149640008?
0
What is the hundred millions digit of 303515159?
3
What is the units digit of 208473664?
4
What is the hundreds digit of 347652124?
1
What is the ten millions digit of 1713697542?
1
What is the tens digit of 54940487?
8
What is the thousands digit of 3370587172?
7
What is the thousands digit of 253854887?
4
What is the billions digit of 1428315266?
1
What is the tens digit of 464180392?
9
What is the tens digit of 12030260?
6
What is the hundred thousands digit of 11001973?
0
What is the thousands digit of 4194510203?
0
What is the hundred millions digit of 306380271?
3
What is the ten millions digit of 82616506?
8
What is the ten thousands digit of 20021350?
2
What is the hundred thousands digit of 923038370?
0
What is the units digit of 1721861005?
5
What is the hundred thousands digit of 4227149580?
1
What is the ten thousands digit of 256458687?
5
What is the units digit of 29919744?
4
What is the ten millions digit of 287201067?
8
What is the ten millions digit of 2189618652?
8
What is the tens digit of 320822974?
7
What is the hundreds digit of 207066189?
1
What is the hundreds digit of 447285890?
8
What is the units digit of 1062185579?
9
What is the ten millions digit of 5550198138?
5
What is the hundreds digit of 2650143698?
6
What is the ten millions digit of 5875122694?
7
What is the millions digit of 11173604?
1
What is the hundred millions digit of 232668150?
2
What is the thousands digit of 3617000986?
0
What is the thousands digit of 76595085?
5
What is the thousands digit of 44374?
4
What is the ten thousands digit of 4083796614?
9
What is the hundreds digit of 1034585088?
0
What is the thousands digit of 1073489429?
9
What is the hundreds digit of 23254095?
0
What is the millions digit of 87520195?
7
What is the hundreds digit of 145757964?
9
What is the billions digit of 2053659431?
2
What is the millions digit of 64167123?
4
What is the ten millions digit of 70840481?
7
What is the hundreds digit of 873542966?
9
What is the ten thousands digit of 7954423?
5
What is the ten thousands digit of 2272608981?
0
What is the hundred millions digit of 1051872245?
0
What is the billions digit of 1132089522?
1
What is the millions digit of 351401266?
1
What is the hundred millions digit of 124084852?
1
What is the thousands digit of 48612055?
2
What is the ten thousands digit of 4187253252?
5
What is the tens digit of 24787191?
9
What is the thousands digit of 1982351930?
1
What is the hundred millions digit of 2461265481?
4
What is the tens digit of 783313055?
5
What is the tens digit of 48100357?
5
What is the millions digit of 46960198?
6
What is the millions digit of 219169340?
9
What is the units digit of 122508730?
0
What is the ten thousands digit of 10306668?
0
What is the tens digit of 42130926?
2
What is the millions digit of 2988073127?
8
What is the ten millions digit of 306394612?
0
What is the tens digit of 578620600?
0
What is the hundred millions digit of 658565811?
6
What is the ten millions digit of 21217239?
2
What is the tens digit of 182684842?
4
What is the ten millions digit of 363411902?
6
What is the hundred millions digit of 3177283432?
1
What is the ten thousands digit of 992407817?
0
What is the hundred thousands digit of 46584940?
5
What is the tens digit of 41738212?
1
What is the tens digit of 103340790?
9
What is the hundred thousands digit of 50540765?
5
What is the ten thousands digit of 35286636?
8
What is the hundred millions digit of 111695467?
1
What is the hundreds digit of 185852?
8
What is the units digit of 8677386?
6
What is the tens digit of 138854151?
5
What is the units digit of 24849924?
4
What is the hundreds digit of 455857945?
9
What is the tens digit of 1471349718?
1
What is the ten thousands digit of 9531852?
3
What is the ten millions digit of 26414646?
2
What is the units digit of 13573048?
8
What is the units digit of 851305794?
4
What is the hundreds digit of 323026315?
3
What is the ten thousands digit of 411558215?
5
What is the units digit of 5689310451?
1
What is the hundreds digit of 76486382?
3
What is the ten thousands digit of 4106376082?
7
What is the units digit of 70469100?
0
What is the hundred thousands digit of 56500090?
5
What is the tens digit of 5063767601?
0
What is the ten millions digit of 536451501?
3
What is the hundred millions digit of 5046797761?
0
What is the hundred millions digit of 902941588?
9
What is the millions digit of 1510093946?
0
What is the ten millions digit of 1095744392?
9
What is the units digit of 2339452588?
8
What is the hundred millions digit of 623256309?
6
What is the hundred thousands digit of 1158417598?
4
What is the hundred thousands digit of 6759623?
7
What is the units digit of 42307643?
3
What is the millions digit of 141836969?
1
What is the hundred millions digit of 209639269?
2
What is the tens digit of 46064711?
1
What is the hundreds digit of 2616467695?
6
What is the thousands digit of 1153744343?
4
What is the millions digit of 1800641837?
0
What is the tens digit of 999434149?
4
What is the thousands digit of 216000394?
0
What is the hundred thousands digit of 3263157?
2
What is the hundred millions digit of 446454543?
4
What is the units digit of 30098505?
5
What is the ten thousands digit of 1570617477?
1
What is the hundreds digit of 163647769?
7
What is the units digit of 57100788?
8
What is the hundred millions digit of 204456335?
2
What is the tens digit of 51142692?
9
What is 